{"id":1245,"date":"2023-09-20T23:28:30","date_gmt":"2023-09-20T20:28:30","guid":{"rendered":"https:\/\/tubitak.tarihyazimi.org\/?page_id=1245"},"modified":"2024-01-06T20:27:06","modified_gmt":"2024-01-06T17:27:06","slug":"basvuru","status":"publish","type":"page","link":"https:\/\/tubitak.tarihyazimi.org\/?page_id=1245","title":{"rendered":"BA\u015eVURU"},"content":{"rendered":"\t\t<div data-elementor-type=\"wp-page\" data-elementor-id=\"1245\" class=\"elementor elementor-1245\">\n\t\t\t\t\t\t\t\t\t<section class=\"elementor-section elementor-top-section elementor-element elementor-element-17f2ffd elementor-section-boxed elementor-section-height-default elementor-section-height-default\" data-id=\"17f2ffd\" data-element_type=\"section\">\n\t\t\t\t\t\t<div class=\"elementor-container elementor-column-gap-default\">\n\t\t\t\t\t<div class=\"elementor-column elementor-col-100 elementor-top-column elementor-element elementor-element-b16905e\" data-id=\"b16905e\" data-element_type=\"column\">\n\t\t\t<div class=\"elementor-widget-wrap elementor-element-populated\">\n\t\t\t\t\t\t\t\t<div class=\"elementor-element elementor-element-d6ed238 elementor-widget elementor-widget-text-editor\" data-id=\"d6ed238\" data-element_type=\"widget\" data-widget_type=\"text-editor.default\">\n\t\t\t\t<div class=\"elementor-widget-container\">\n\t\t\t<style>\/*! elementor - v3.16.0 - 14-09-2023 *\/\n.elementor-widget-text-editor.elementor-drop-cap-view-stacked .elementor-drop-cap{background-color:#69727d;color:#fff}.elementor-widget-text-editor.elementor-drop-cap-view-framed .elementor-drop-cap{color:#69727d;border:3px solid;background-color:transparent}.elementor-widget-text-editor:not(.elementor-drop-cap-view-default) .elementor-drop-cap{margin-top:8px}.elementor-widget-text-editor:not(.elementor-drop-cap-view-default) .elementor-drop-cap-letter{width:1em;height:1em}.elementor-widget-text-editor .elementor-drop-cap{float:left;text-align:center;line-height:1;font-size:50px}.elementor-widget-text-editor .elementor-drop-cap-letter{display:inline-block}<\/style>\t\t\t\t<p><a href=\"https:\/\/drive.google.com\/file\/d\/1ZsPjG5F1gEc1DHK2-Lo6LXnSzVFBcMZl\/view?usp=sharing\" target=\"_blank\"><b>Ba\u015fvuru i\u015flemi sona ermi\u015ftir. Kat\u0131l\u0131mc\u0131 listesine &#8220;BURADAN&#8221; ula\u015fabilirsiniz.<\/b><\/a><br><\/p>\t\t\t\t\t\t<\/div>\n\t\t\t\t<\/div>\n\t\t\t\t\t<\/div>\n\t\t<\/div>\n\t\t\t\t\t\t\t<\/div>\n\t\t<\/section>\n\t\t\t\t<section class=\"elementor-section elementor-top-section elementor-element elementor-element-14409b5 elementor-section-boxed elementor-section-height-default elementor-section-height-default\" data-id=\"14409b5\" data-element_type=\"section\">\n\t\t\t\t\t\t<div class=\"elementor-container elementor-column-gap-default\">\n\t\t\t\t\t<div class=\"elementor-column elementor-col-100 elementor-top-column elementor-element elementor-element-330355e\" data-id=\"330355e\" data-element_type=\"column\">\n\t\t\t<div class=\"elementor-widget-wrap elementor-element-populated\">\n\t\t\t\t\t\t\t\t<div class=\"elementor-element elementor-element-46d60d9 elementor-widget elementor-widget-button\" data-id=\"46d60d9\" data-element_type=\"widget\" data-widget_type=\"button.default\">\n\t\t\t\t<div class=\"elementor-widget-container\">\n\t\t\t\t\t<div class=\"elementor-button-wrapper\">\n\t\t\t<a class=\"elementor-button elementor-button-link elementor-size-sm\" href=\"https:\/\/drive.google.com\/file\/d\/1ZsPjG5F1gEc1DHK2-Lo6LXnSzVFBcMZl\/view?usp=sharing\">\n\t\t\t\t\t\t<span class=\"elementor-button-content-wrapper\">\n\t\t\t\t\t\t<span class=\"elementor-button-text\">KATILIMCI L\u0130STES\u0130<\/span>\n\t\t<\/span>\n\t\t\t\t\t<\/a>\n\t\t<\/div>\n\t\t\t\t<\/div>\n\t\t\t\t<\/div>\n\t\t\t\t\t<\/div>\n\t\t<\/div>\n\t\t\t\t\t\t\t<\/div>\n\t\t<\/section>\n\t\t\t\t<section class=\"elementor-section elementor-top-section elementor-element elementor-element-16985c6 elementor-section-boxed elementor-section-height-default elementor-section-height-default\" data-id=\"16985c6\" data-element_type=\"section\">\n\t\t\t\t\t\t<div class=\"elementor-container elementor-column-gap-default\">\n\t\t\t\t\t<div class=\"elementor-column elementor-col-100 elementor-top-column elementor-element elementor-element-e7247c9\" data-id=\"e7247c9\" data-element_type=\"column\">\n\t\t\t<div class=\"elementor-widget-wrap elementor-element-populated\">\n\t\t\t\t\t\t\t\t<div class=\"elementor-element elementor-element-f239833 elementor-widget elementor-widget-heading\" data-id=\"f239833\" data-element_type=\"widget\" data-widget_type=\"heading.default\">\n\t\t\t\t<div class=\"elementor-widget-container\">\n\t\t\t<style>\/*! elementor - v3.16.0 - 14-09-2023 *\/\n.elementor-heading-title{padding:0;margin:0;line-height:1}.elementor-widget-heading .elementor-heading-title[class*=elementor-size-]>a{color:inherit;font-size:inherit;line-height:inherit}.elementor-widget-heading .elementor-heading-title.elementor-size-small{font-size:15px}.elementor-widget-heading .elementor-heading-title.elementor-size-medium{font-size:19px}.elementor-widget-heading .elementor-heading-title.elementor-size-large{font-size:29px}.elementor-widget-heading .elementor-heading-title.elementor-size-xl{font-size:39px}.elementor-widget-heading .elementor-heading-title.elementor-size-xxl{font-size:59px}<\/style><h2 class=\"elementor-heading-title elementor-size-default\">Kat\u0131l\u0131mc\u0131 Kriterleri<\/h2>\t\t<\/div>\n\t\t\t\t<\/div>\n\t\t\t\t\t<\/div>\n\t\t<\/div>\n\t\t\t\t\t\t\t<\/div>\n\t\t<\/section>\n\t\t\t\t<section class=\"elementor-section elementor-top-section elementor-element elementor-element-357e032 elementor-section-boxed elementor-section-height-default elementor-section-height-default\" data-id=\"357e032\" data-element_type=\"section\">\n\t\t\t\t\t\t<div class=\"elementor-container elementor-column-gap-default\">\n\t\t\t\t\t<div class=\"elementor-column elementor-col-100 elementor-top-column elementor-element elementor-element-3950f89\" data-id=\"3950f89\" data-element_type=\"column\">\n\t\t\t<div class=\"elementor-widget-wrap elementor-element-populated\">\n\t\t\t\t\t\t\t\t<div class=\"elementor-element elementor-element-4e5efdf elementor-widget elementor-widget-text-editor\" data-id=\"4e5efdf\" data-element_type=\"widget\" data-widget_type=\"text-editor.default\">\n\t\t\t\t<div class=\"elementor-widget-container\">\n\t\t\t\t\t\t\t<p>Bu proje kapsam\u0131nda d\u00fczenlenecek olan e\u011fitim etkinli\u011fine ba\u015fvurabilmek i\u00e7in adaylar\u0131n a\u015fa\u011f\u0131daki kritere sahip olmas\u0131 gereklidir:<\/p>\n<p>\u2022 T\u00fcrkiye\u2019de herhangi bir \u00fcniversitede tarih alan\u0131nda lisans\u00fcst\u00fc bir programda (y\u00fcksek lisans veya doktora) aktif \u00f6\u011frenci olmak,<\/p>\n<p>Kat\u0131l\u0131mc\u0131lardan herhangi bir \u00fccret talep edilmeksizin ger\u00e7ekle\u015ftirilecek olan etkinli\u011fe g\u00f6n\u00fcll\u00fcl\u00fck esas\u0131na dayal\u0131 olarak ba\u015fvuru yapan adaylar aras\u0131ndan yukar\u0131da verilen \u00f6l\u00e7\u00fct\u00fc sa\u011flayanlar kat\u0131l\u0131mc\u0131 aday havuzuna al\u0131nacakt\u0131r. Yukar\u0131daki \u00f6l\u00e7\u00fctler sa\u011fland\u0131ktan sonra ba\u015fvuran adaylar aras\u0131ndan 30 kat\u0131l\u0131mc\u0131n\u0131n belirlenmesinde kullan\u0131lacak \u00f6ncelikler belirlenmi\u015ftir. Aday havuzundaki kat\u0131l\u0131mc\u0131lar a\u015fa\u011f\u0131da belirtilen \u00f6l\u00e7\u00fctlere g\u00f6re matrislere yerle\u015ftirilecek ve sonu\u00e7 olarak kat\u0131l\u0131mc\u0131 profilinde lisans\u00fcst\u00fc e\u011fitim d\u00fczeyi, lisans\u00fcst\u00fc \u00f6\u011frenim g\u00f6rd\u00fc\u011f\u00fc bilim dal\u0131, akademik genel not ortalamas\u0131, co\u011frafi b\u00f6lge ve cinsiyet bak\u0131m\u0131ndan dengeli bir da\u011f\u0131l\u0131m sa\u011flanacakt\u0131r.<\/p>\n<p>Kat\u0131l\u0131mc\u0131lar\u0131n se\u00e7ilmesinde;<\/p>\n<p>\u2022 Adaylar\u0131n lisans\u00fcst\u00fc \u00f6\u011frenim durumlar\u0131 dikkate al\u0131nacak olup m\u00fcmk\u00fcn oldu\u011funca e\u011fitim etkinli\u011finde y\u00fcksek lisans veya doktora yapanlar\u0131n e\u015fit say\u0131da olmas\u0131 sa\u011flanacakt\u0131r.<br>\u2022 Adaylar\u0131n Tarih B\u00f6l\u00fcm\u00fc \u00e7at\u0131s\u0131 alt\u0131nda lisans\u00fcst\u00fc \u00f6\u011frenim g\u00f6rd\u00fckleri bilim dal\u0131 (Yak\u0131n\u00e7a\u011f, Yeni\u00e7a\u011f, Orta\u00e7a\u011f vs.) dikkate al\u0131nacak olup bunlar aras\u0131nda m\u00fcmk\u00fcn oldu\u011funca e\u015fit bir da\u011f\u0131l\u0131m sa\u011flanacakt\u0131r.<br>\u2022 B\u00f6lge \u00e7e\u015fitlili\u011fi dikkate al\u0131nacak olup ba\u015fvurular\u0131n elvermesi durumunda T\u00fcrkiye\u2019nin yedi co\u011frafi b\u00f6lgesinde yer alan \u00fcniversitelerden ve \u015fehir bak\u0131m\u0131ndan m\u00fcmk\u00fcn oldu\u011funca dengeli bir da\u011f\u0131l\u0131m olu\u015fturulacakt\u0131r.<br>\u2022 Kad\u0131n ve erkek kat\u0131l\u0131mc\u0131lar\u0131n m\u00fcmk\u00fcn oldu\u011funca e\u015fit say\u0131da olmas\u0131 sa\u011flanacakt\u0131r.<br>\u2022 Daha \u00f6nce bu program dahilindeki (B\u0130DEB 2237-A) etkinliklere kat\u0131lmam\u0131\u015f olanlara \u00f6ncelik verilecek ve ikiden fazla kez kat\u0131lm\u0131\u015f olanlar\u0131n ba\u015fvurular\u0131 de\u011ferlendirmeye al\u0131nmayacakt\u0131r.<br>\u2022 2209-A \u00dcniversite \u00d6\u011frencileri Ara\u015ft\u0131rma Projeleri Destekleme Program\u0131ndan destek alm\u0131\u015f\/al\u0131yor olanlar ile bilimsel ara\u015ft\u0131rma projelerinde g\u00f6rev alm\u0131\u015f\/al\u0131yor olanlara \u00f6ncelik tan\u0131nacakt\u0131r.<br>\u2022 Kat\u0131l\u0131mc\u0131lar\u0131n, OHAL kapsam\u0131nda y\u00fcr\u00fcrl\u00fc\u011fe konulan Kanun H\u00fckm\u00fcnde Kararnameler ile do\u011frudan veya an\u0131lan Kanun H\u00fckm\u00fcnde Kararnamelerde \u00f6ng\u00f6r\u00fclen usuller \u00e7er\u00e7evesinde meslekten, kamu g\u00f6revinden veya ilgili kurumlar\u0131n te\u015fkilat\u0131ndan \u00e7\u0131kar\u0131lmam\u0131\u015f olmas\u0131 \u015fart\u0131 bulunmaktad\u0131r.<\/p>\n<p>T\u00dcB\u0130TAK 2237 E\u011fitim Etkinli\u011fi \u201cUygulamal\u0131 Tarihyaz\u0131m\u0131 Okulu: Tarihyaz\u0131m\u0131nda Sorunlar ve \u00c7\u00f6z\u00fcm \u00d6nerileri E\u011fitimi 3\u201de aday ba\u015fvurular\u0131, etkinli\u011fin kabul edilmesi durumunda, 20.12.2023-05.01.2024 tarihleri aras\u0131nda a\u015fa\u011f\u0131da belirtilen ba\u015fvuru linki arac\u0131l\u0131\u011f\u0131yla yap\u0131lacakt\u0131r. Ba\u015fvurular\u0131n a\u00e7\u0131klanmas\u0131 i\u00e7in planlanan tarih ise 15.01.2024 Cuma g\u00fcn\u00fcd\u00fcr.<\/p>\n<p>Etkinli\u011fin Ger\u00e7ekle\u015ftirilece\u011fi Tarih: 22.01.2024 \u2013 26.01.2024<br>Etkinlik \u0130nternet Adresi: tubitak.tarihyazimi.org<br>Etkinlik Ba\u015fvuru Tarihleri: 20.12.2023-05.01.2024<br>Etkinlik Aday Ba\u015fvuru Sonu\u00e7lar\u0131n\u0131n a\u00e7\u0131klanmas\u0131: 15.01.2023<\/p>\n<p>Ayr\u0131ca e\u011fitim etkinli\u011finin ba\u015fvuru duyurusu tubitak.tarihyazimi.org adresinden yap\u0131lacak olup buradan ilgili ba\u015fvuru sayfas\u0131na y\u00f6nlendirme ger\u00e7ekle\u015ftirilecektir. <b>Kat\u0131l\u0131m \u00fccretsizdir.<\/b><\/p>\t\t\t\t\t\t<\/div>\n\t\t\t\t<\/div>\n\t\t\t\t\t<\/div>\n\t\t<\/div>\n\t\t\t\t\t\t\t<\/div>\n\t\t<\/section>\n\t\t\t\t\t\t\t<\/div>\n\t\t","protected":false},"excerpt":{"rendered":"<p>Ba\u015fvuru i\u015flemi sona ermi\u015ftir. Kat\u0131l\u0131mc\u0131 listesine &#8220;BURADAN&#8221; ula\u015fabilirsiniz. KATILIMCI L\u0130STES\u0130 Kat\u0131l\u0131mc\u0131 Kriterleri Bu proje kapsam\u0131nda d\u00fczenlenecek olan e\u011fitim etkinli\u011fine ba\u015fvurabilmek i\u00e7in adaylar\u0131n a\u015fa\u011f\u0131daki kritere sahip olmas\u0131 gereklidir: \u2022 T\u00fcrkiye\u2019de herhangi bir \u00fcniversitede tarih alan\u0131nda lisans\u00fcst\u00fc bir programda (y\u00fcksek lisans veya doktora) aktif \u00f6\u011frenci olmak, Kat\u0131l\u0131mc\u0131lardan herhangi bir \u00fccret talep edilmeksizin ger\u00e7ekle\u015ftirilecek olan etkinli\u011fe g\u00f6n\u00fcll\u00fcl\u00fck esas\u0131na [&hellip;]<\/p>\n","protected":false},"author":1,"featured_media":0,"parent":0,"menu_order":0,"comment_status":"closed","ping_status":"closed","template":"","meta":{"footnotes":""},"_links":{"self":[{"href":"https:\/\/tubitak.tarihyazimi.org\/index.php?rest_route=\/wp\/v2\/pages\/1245"}],"collection":[{"href":"https:\/\/tubitak.tarihyazimi.org\/index.php?rest_route=\/wp\/v2\/pages"}],"about":[{"href":"https:\/\/tubitak.tarihyazimi.org\/index.php?rest_route=\/wp\/v2\/types\/page"}],"author":[{"embeddable":true,"href":"https:\/\/tubitak.tarihyazimi.org\/index.php?rest_route=\/wp\/v2\/users\/1"}],"replies":[{"embeddable":true,"href":"https:\/\/tubitak.tarihyazimi.org\/index.php?rest_route=%2Fwp%2Fv2%2Fcomments&post=1245"}],"version-history":[{"count":28,"href":"https:\/\/tubitak.tarihyazimi.org\/index.php?rest_route=\/wp\/v2\/pages\/1245\/revisions"}],"predecessor-version":[{"id":1309,"href":"https:\/\/tubitak.tarihyazimi.org\/index.php?rest_route=\/wp\/v2\/pages\/1245\/revisions\/1309"}],"wp:attachment":[{"href":"https:\/\/tubitak.tarihyazimi.org\/index.php?rest_route=%2Fwp%2Fv2%2Fmedia&parent=1245"}],"curies":[{"name":"wp","href":"https:\/\/api.w.org\/{rel}","templated":true}]}}